3 (base 8) in base 11?
300
4281 (base 9) to base 14
1211
What is -2343 (base 8) in base 14?
-655
-320030 (base 6) to base 11
-18540
Convert -3dc3 (base 15) to base 12.
-77a9
-421 (base 6) to base 9
-184
What is 160 (base 7) in base 5?
331
What is 12326 (base 8) in base 10?
5334
What is -2001313 (base 5) in base 10?
-31458
What is 1110210111 (base 3) in base 13?
10288
What is 3254 (base 8) in base 16?
6ac
What is 101222 (base 3) in base 5?
2141
What is 35368 (base 9) in base 5?
1224013
11a08 (base 11) to base 5
1022230
What is -2101 (base 9) in base 13?
-916
Convert -24085 (base 9) to base 3.
-211002212
What is -111101011110 (base 2) in base 3?
-12101201
What is 264 (base 7) in base 14?
a4
What is -112022 (base 5) in base 15?
-12c7
20103023 (base 4) to base 6
421215
What is 200110200 (base 3) in base 8?
32230
Convert 12220 (base 4) to base 14.
224
3766 (base 10) to base 13
1939
Convert 2336 (base 7) to base 6.
3552
Convert -570 (base 8) to base 16.
-178
What is -1110311 (base 5) in base 13?
-8b18
Convert 62277 (base 9) to base 4.
22001200
Convert -49546 (base 11) to base 5.
-4234243
Convert 1524 (base 7) to base 3.
211110
7bb (base 15) to base 6
12035
What is 211112 (base 3) in base 8?
1140
Convert 104021 (base 5) to base 11.
2806
-10526 (base 9) to base 8
-15516
Convert -2123340 (base 5) to base 8.
-106377
-114205 (base 6) to base 13
-4733
Convert 270 (base 8) to base 6.
504
45401 (base 7) to base 3
120210112
-120011 (base 3) to base 13
-256
Convert 24015 (base 6) to base 5.
102332
Convert -40b2 (base 14) to base 4.
-2231330
19971 (base 13) to base 14
142b9
Convert -244 (base 8) to base 15.
-ae
Convert 11100001010011 (base 2) to base 3.
201210001
Convert -367 (base 14) to base 9.
-834
What is 2770 (base 10) in base 11?
2099
What is -2012023 (base 4) in base 13?
-3ba7
Convert -2663 (base 10) to base 5.
-41123
450 (base 7) to base 4
3213
What is 3ab (base 15) in base 14?
43a
Convert ab65 (base 14) to base 8.
71765
Convert -1015 (base 8) to base 5.
-4100
What is 10110010 (base 3) in base 15?
b29
-20170 (base 8) to base 13
-3a25
-31100 (base 4) to base 16
-350
-4074 (base 9) to base 15
-d3d
What is 12313 (base 5) in base 3?
1022111
Convert 101030 (base 4) to base 3.
1111202
Convert 1453 (base 7) to base 9.
711
What is -20012 (base 3) in base 12?
-11b
-1000132 (base 4) to base 14
-170a
Convert 90 (base 13) to base 15.
7c
b3 (base 16) to base 9
218
Convert -9 (base 16) to base 4.
-21
Convert 153a9 (base 11) to base 6.
244454
1526 (base 12) to base 4
212232
Convert -12121120 (base 3) to base 6.
-30540
What is -3606 (base 10) in base 14?
-1458
What is -15312 (base 6) in base 16?
-9bc
Convert 4686 (base 15) to base 8.
35200
-67306 (base 8) to base 6
-335142
Convert 2981 (base 12) to base 6.
34241
Convert -14107 (base 8) to base 5.
-144330
-116128 (base 9) to base 13
-25b98
Convert 57075 (base 8) to base 5.
1233000
Convert 64 (base 11) to base 10.
70
7685 (base 12) to base 6
140245
Convert -3253 (base 11) to base 2.
-1000011000101
What is -110 (base 13) in base 14?
-d0
Convert -435 (base 7) to base 14.
-11c
100110100 (base 2) to base 6
1232
What is 310 (base 6) in base 14?
82
What is 332011 (base 4) in base 12?
2371
6a6 (base 12) to base 10
990
-2220 (base 3) to base 4
-1032
Convert -204341 (base 5) to base 2.
-1101010111110
Convert -1000101011011111 (base 2) to base 5.
-2114201
1110000010 (base 2) to base 15
3ed
a141 (base 14) to base 8
66055
0 (base 3) to base 4
0
What is 9272 (base 14) in base 2?
110001001100100
What is -db1 (base 15) in base 2?
-110000010011
What is 320341 (base 5) in base 9?
15632
Convert -1048 (base 9) to base 5.
-11043
Convert -14535 (base 8) to base 13.
-2c56
cba (base 13) to base 2
100010000101
-1bb (base 13) to base 8
-503
Convert 3068 (base 11) to base 5.
112232
Convert -3546 (base 11) to base 10.
-4648
Convert 123222 (base 5) to base 6.
34140
Convert 4867 (base 15) to base 13.
7015
-180 (base 16) to base 9
-466
Convert 31211 (base 4) to base 12.
605
Convert -882 (base 9) to base 4.
-23102
Convert 32223 (base 4) to base 7.
2511
-392 (base 10) to base 12
-288
What is -213440 (base 5) in base 7?
-30326
What is -39c (base 14) in base 13?
-43b
Convert 1031 (base 7) to base 12.
265
What is 2524 (base 6) in base 13?
394
What is 95c7 (base 13) in base 9?
31450
-1440 (base 5) to base 4
-3311
a4ca (base 16) to base 11
29771
What is -227 (base 15) in base 8?
-747
Convert 28c8 (base 13) to base 16.
1716
What is -4753 (base 11) in base 7?
-24106
10001111010111 (base 2) to base 13
423a
Convert 10 (base 5) to base 6.
5
7451 (base 8) to base 7
14213
What is 2202 (base 4) in base 14?
b8
What is -4c1 (base 13) in base 16?
-341
1000010000 (base 2) to base 11
440
Convert 3524 (base 9) to base 11.
1a67
Convert -5038 (base 9) to base 5.
-104210
What is -1100 (base 5) in base 2?
-10010110
What is -8035 (base 10) in base 8?
-17543
-1000001101 (base 2) to base 6
-2233
Convert 111111011001111 (base 2) to base 9.
48470
Convert 455d (base 15) to base 2.
11100101111001
What is -6247 (base 8) in base 14?
-1275
Convert 131 (base 14) to base 10.
239
831 (base 13) to base 9
1816
-4378 (base 14) to base 15
-36d0
Convert -660 (base 8) to base 10.
-432
2041 (base 8) to base 12
741
What is 233 (base 16) in base 5?
4223
What is -9252 (base 13) in base 8?
-47322
What is 6542 (base 9) in base 7?
20021
What is -413 (base 9) in base 6?
-1320
What is -10741 (base 10) in base 11?
-8085
-51 (base 10) to base 7
-102
What is 514 (base 7) in base 10?
256
Convert -24 (base 15) to base 3.
-1021
-100113 (base 4) to base 11
-872
What is 568 (base 15) in base 16?
4c7
12150 (base 7) to base 16
c63
-206 (base 10) to base 3
-21122
Convert 713d (base 14) to base 2.
100110000000011
b4cd (base 16) to base 15
daaa
What is 100111100111010 (base 2) in base 6?
233522
What is -77620 (base 9) in base 14?
-14ad0
What is -158b2 (base 12) in base 11?
-21045
Convert -109 (base 12) to base 7.
-306
Convert -3319 (base 15) to base 2.
-10101001001000
-1101110100000 (base 2) to base 11
-534a
What is -3bb4 (base 12) in base 6?
-51544
-112133 (base 4) to base 3
-1222022
Convert -b476 (base 12) to base 8.
-46332
What is 2bcc (base 16) in base 7?
44455
Convert -67a (base 11) to base 16.
-32d
-11001101100 (base 2) to base 4
-121230
-a59 (base 11) to base 13
-770
Convert -1125 (base 7) to base 12.
-2a3
Convert 1124 (base 9) to base 4.
31000
What is 5123 (base 6) in base 3?
1112220
-28610 (base 9) to base 16
-4bf9
What is 16421 (base 10) in base 13?
7622
What is -3208 (base 15) in base 8?
-24527
What is 10023 (base 4) in base 8?
413
334440 (base 5) to base 9
17248
What is -6b (base 16) in base 13?
-83
-85 (base 15) to base 5
-1000
What is 16371 (base 11) in base 3?
1011122101
Convert -26325 (base 7) to base 2.
-1101101110010
What is -7134 (base 8) in base 15?
-1151
What is 664 (base 12) in base 2?
1110101100
Convert 15023 (base 6) to base 16.
957
224412 (base 5) to base 8
17653
-26 (base 7) to base 14
-16
What is 1100011111001110 (base 2) in base 8?
143716
Convert -1200200 (base 3) to base 7.
-3411
Convert -66 (base 11) to base 4.
-1020
Convert -1052 (base 6) to base 2.
-11111000
What is -86a8 (base 11) in base 15?
-3612
Convert -1102102110 (base 3) to base 8.
-66553
Convert -100010111101100 (base 2) to base 12.
-a438
Convert -40144 (base 8) to base 14.
-6016
What is 6753 (base 16) in base 12?
13383
What is 103203 (base 4) in base 16?
4e3
What is -449 (base 12) in base 2?
-1001111001
Convert 135342 (base 7) to base 10.
25902
Convert 1000001111110101 (base 2) to base 15.
a021
-121013 (base 8) to base 3
-2002220102
Convert -328 (base 10) to base 11.
-279
956 (base 13) to base 12
b08
-2251 (base 8) to base 11
-995
5052 (base 11) to base 7
25366
What is -59b5 (base 15) in base 10?
-19070
Convert -7d13 (base 16) to base 7.
-162231
Convert -321 (base 16) to base 4.
-30201
Convert -729 (base 13) to base 12.
-856
What is -1002 (base 6) in base 13?
-13a
Convert -2868 (base 10) to base 13.
-13c8
What is 23364 (base 9) in base 11?
10801
What is 4a6 (base 15) in base 5?
13211
Convert 4006 (base 9) to base 15.
cec
What is 2607 (base 9) in base 5?
30301
Convert -13111 (base 4) to base 12.
-331
Convert -221 (base 9) to base 10.
-181
Convert 1279 (base 11) to base 10.
1659
What is -ba6a (base 12) in base 10?
-20530